e prime factors of n?
3, 16693
Let q(s) = -2*s**3 + 9*s**2 + 13*s - 34. Let b be q(5). What are the prime factors of (b/(-7))/(16/(-31696))?
2, 3, 283
Let x(g) = 2*g**3 + 9*g - 7. Suppose 3*j - 18 = -3*v, 10*v = 14*v - 8. What are the prime factors of x(j)?
157
Let v(t) = -25*t - 41. Let a be v(-9). Suppose a = -5*f - 56. What are the prime factors of 12*(-1 + (-2 - f/9))?
2, 7
Let w be 4/(-6 - -10) + 9 + 0. Suppose w*s - 8*s = 8. Suppose -k - 2*c = -2*k + 57, -k - s*c = -45. What are the prime factors of k?
53
Suppose -2*s + 5*o = -14403 - 30752, 21 = 3*o. What are the prime factors of s?
5, 4519
Let k = -16241 - -16244. Suppose 0 = j - 4*l + 72, 4*j + 294 = 2*l + 62. Let o = k - j. List the prime factors of o.
59
Let j be 1/(1/(-20)*-4). Suppose 7*o - 85 = 2659. Suppose -j*h + 3*w + o = w, 4*h = 5*w + 300. List the prime factors of h.
2, 5
Let y(z) = 2*z**3 - 23*z**2 + 85*z - 86. What are the prime factors of y(20)?
2, 7, 601
Let o be (2/(-4))/(19/(-114)). Suppose 4*p - o*p - 6 = 0. List the prime factors of (-3 - (-22)/p) + (-1416)/(-9).
2, 79
Let f(v) = 41*v. Let y be f(2). Suppose 2*d = -2*g + 378, y = d - 5*g - 131. Suppose -3*r + d = -2. What are the prime factors of r?
5, 13
Let h(w) = w**2 - 11*w + 8. Let q be h(6). Let y(a) = 20*a + 124. Let p be y(-4). Let j = p + q. List the prime factors of j.
2, 11
Suppose -8*y = 2*j - 5*y - 21470, -32191 = -3*j - y. What are the prime factors of j?
10729
Let z(q) = -q**3 + 6*q**2 + 20*q - 112. Let g be z(4). Let y be 1/4 + 15/4. Suppose y*l - 93 - 159 = g. List the prime factors of l.
3, 7
Let q = 1248 - 1259. Let k(n) = 2*n**2 - 12*n - 8*n - 3*n**2. List the prime factors of k(q).
3, 11
Let r(a) = -7*a**2 - 28*a - 59. Let u be r(15). Let h = u - -3337. List the prime factors of h.
1283
Let p = 163 + -161. Suppose p*c + 205 = 5*c + 2*h, 5*c - 4*h - 371 = 0. List the prime factors of c.
71
Suppose 135148 = -2*g + 7*g - r, 3*g - 2*r - 81086 = 0. Suppose 0 = -3*b - 31*b + g. What are the prime factors of b?
3, 5, 53
Let v = -1356 + 2727. Suppose -4*l + 409 = -p + v, 3*p - 2916 = 2*l. List the prime factors of p.
2, 487
Let j be -4 - 6*(-4)/6. Suppose l + j*l = 5*n + 20, -l = 5*n + 10. Suppose 0 = l*v - 12 - 8, 3*c - 372 = -3*v. What are the prime factors of c?
2, 3, 5
Suppose 328*s = -59*s + 5933097. List the prime factors of s.
15331
Let f = 7545 - -6981. List the prime factors of f.
2, 3, 269
Let y be 2/(-7) + 7242/14. Suppose 223 = o - y. Suppose 0 = -4*d + 8*d, 5*r = 3*d + o. List the prime factors of r.
2, 37
Let d(t) = -15 - 3*t + t - t + 2*t. List the prime factors of d(-19).
2
Let t = 2437 - 621. Suppose 2*f = 3*g - 0*g + t, -f - g = -903. List the prime factors of (-4)/14 - f/(-7).
3, 43
Suppose 4*w + 135 = -g + 2*w, 4 = -w. Let c be (11 + -2 + 41)*-4. Let s = g - c. List the prime factors of s.
73
Let v be 5/(-20) - (-1726)/(-8). Let o(d) = d**3 + 11*d**2 - 25*d - 4. Let s be o(-10). Let a = v + s. List the prime factors of a.
2, 5, 13
Let v be (4 + 0 + 202)*1. Suppose v = 3*x - 0*x - 4*s, 4*x + 4*s = 256. Let a = x - 44. What are the prime factors of a?
2, 11
List the prime factors of (-943236)/(-420)*(-10)/(-6).
19, 197
Let o(t) = -t**3 - 12*t**2 + 12*t - 16. Let z be o(-14). Suppose -217*f + z*f = -12879. List the prime factors of f.
3, 53
Suppose h + 17 = 11*l - 16*l, 5*h - 3 = -3*l. Let f(a) = 68*a**2 - 24*a + 61. List the prime factors of f(h).
601
Let u(x) = 8*x**3 - 8 + x**2 + 27 - 18 + 0*x - 3*x. Let g(n) = n**2 + 11*n + 13. Let s be g(-10). List the prime factors of u(s).
7, 31
Let j = -2799 + 1953. What are the prime factors of (16 - j - (2 - 4)) + 5?
11, 79
Let q = 29 - 25. Suppose q*j - 5*w = 65 + 28, 4*j = w + 105. Let a = 72 - j. What are the prime factors of a?
3, 5
Let s be (177752/(-170))/(4/(-10)). Let o = s - 1759. What are the prime factors of o?
3, 5, 19
List the prime factors of -7258*-2*(66/(-24) + 5 - 2).
19, 191
Let r = 19361 - 5230. What are the prime factors of r?
13, 1087
Suppose 3*s - 435 - 1116 = -2*m, -2*m = -3*s - 1557. List the prime factors of m.
3, 7, 37
What are the prime factors of ((-28670)/(-15))/(36/162)?
3, 47, 61
Suppose -5*y + 4 + 86 = 0. Let f be 1604/10 - (-4)/(-10). Suppose -f = 10*h - y*h. What are the prime factors of h?
2, 5
Suppose -4*v - 16 = -8*v. Suppose -q = -v*q + 9. Suppose -4*s - 4 = 0, 0*d + 2*s + 233 = q*d. List the prime factors of d.
7, 11
Suppose 5*b - 508 = 4*b. Suppose 0 = t - 5*n - b, 0 = -t + n + 294 + 206. What are the prime factors of t?
2, 3, 83
Let v(y) = 47*y**2 + 5*y + 11. Suppose -3*d - 2*t + 27 = 0, d - 27 = -2*d + 3*t. Let p(x) = -8*x + 70. Let w be p(d). List the prime factors of v(w).
3, 7
Suppose s + 1 = 2*v + 2*s, 0 = 4*v + 4*s + 8. Let d be 5907/12 + v/(-12). Suppose 14*b = 18*b - d. What are the prime factors of b?
3, 41
Let l be -8*((-31)/186)/(1/3). Let t(n) = 24*n**2 - 4*n + 34. What are the prime factors of t(l)?
2, 3, 67
What are the prime factors of (-1)/((-12)/138484) + 40/24?
2, 29, 199
Suppose 0 = -110*f + 113*f - 105534. Suppose 47*g - f = 17650. What are the prime factors of g?
2, 281
Let k be (-2)/(40/25)*4. What are the prime factors of (k - -2)*52*(-12)/9?
2, 13
Let v be ((-6)/1*-587)/(-2). Let o be -3 + 2/((12/v)/(-2)). Suppose 0 = -5*k - 0*k - 4*w + o, 3*k + 5*w = 353. What are the prime factors of k?
2, 29
Let j(p) = -322*p + 32. Let v be j(-4). Suppose 5*i - 2*i - v = -4*h, 4*i - 1738 = 2*h. List the prime factors of i.
2, 109
Let j(s) = -2*s**2 - 12*s + 25. Let z be j(-8). What are the prime factors of 1 + 204 - (0/z)/4?
5, 41
Suppose -3*r + 102 = 105. What are the prime factors of (-1)/r - -666 - -3?
2, 5, 67
Let n = -1343 - -22017. List the prime factors of n.
2, 10337
Suppose -4*y - 5*v = -20997, -7*y + 4*y = -5*v - 15809. List the prime factors of y.
2, 11, 239
Let u(m) = 48*m**2 + 2*m - 157. List the prime factors of u(-10).
3, 23, 67
Suppose 0 = -3*i + 8*i. Suppose 3*j - 5 + 11 = i. What are the prime factors of (3/6)/((-4 - j)/(-660))?
3, 5, 11
Let z = -28737 - -49176. List the prime factors of z.
3, 757
Let h be 71 - (-2 + (-5 - -3)). Suppose -6*m = -381 - h. List the prime factors of m.
2, 19
Suppose 26 - 8 = 2*h. Suppose -2*j + 2 = -37*a + 41*a, -4*a + 4*j + 32 = 0. Suppose h = r + v - 10, -a*v - 71 = -5*r. What are the prime factors of r?
2
What are the prime factors of (82596/2)/(2523/58 + -42)?
2, 6883
Let s(l) = l**3 + 6*l**2 - 11*l + 8. Let c be s(-8). Let a = c - -31. List the prime factors of (-7095)/(-90) + a/(-6).
79
Let p be ((-3)/5 + 1)/(1/(-140)). What are the prime factors of (1749*-1)/(84/p)?
2, 11, 53
Suppose 0 = -s + 4*a + 42887, -2*s - 6*a = -5*a - 85756. List the prime factors of s.
3, 14293
List the prime factors of ((-2)/(-2))/(1 - 2) - -1532.
1531
Let z be 1*(2 + -5 + 4). Suppose -6*t + 13 = z. Suppose 0 = t*x - g - 265, -4*x - 3*g + g + 510 = 0. What are the prime factors of x?
2, 5, 13
Suppose -7*j + 8366 = -6880. Suppose j = 1448*n - 1442*n. What are the prime factors of n?
3, 11
Suppose -n + 1702 = 2*a + 357, -3*n + 3 = 0. Let k = a + 269. List the prime factors of k.
941
Let g be (366/18 + -7)*24/(-10). What are the prime factors of (-3)/30*g*(140 - 0)?
2, 7
List the prime factors of (-20)/(-16) + (-26)/((-208)/178270).
5, 4457
Let r(c) = 3*c**2 - 7*c + 19. Let a be r(2). Suppose a*z - 14*z + 1239 = 3*f, -5*f = z - 2095. List the prime factors of f.
2, 11, 19
Let r(q) = 291*q**2 + 7*q - 32. Let m be r(4). Suppose 0 = 21*n - m - 3811. What are the prime factors of n?
13, 31
Let i be 2/((-56)/48*(-4)/(-63)). Let l = i - -30. Suppose 3*f = 2*n - 206, -l*n + 310 = -3*f + 7. What are the prime factors of n?
97
Suppose 0*j + 2*j = 3*c + 28, -2*j + 4*c + 30 = 0. Let x(h) = j*h + 13*h**2 - 9 - 14*h**2 + 0*h. What are the prime factors of x(8)?
3, 5
Suppose w + 2 = -l, 12 = -w + 5*l - 8*l. Suppose 2625 = 5*r + m, -649 - 954 = -w*r + 5*m. What are the prime factors of r?
2, 263
Let n = 166 + 81. Let f = 35 + n. List the prime factors of f.
2, 3, 47
Suppose -53*k - 1577039 = -4561151. List the prime factors of k.
2, 3, 17, 23
Let i be 5 - ((-62394)/6)/1. Suppose 13*r = 4078 + i. What are the prime factors of r?
2, 557
What are the prime factors of 3/12 - (-27)/144*46388?
2, 4349
Suppose -18*k + 4109 = -8095. What are the prime factors of k?
2, 3, 113
Let z = 2